{"id":5,"date":"2014-08-24T19:14:57","date_gmt":"2014-08-24T17:14:57","guid":{"rendered":"http:\/\/s509620102.mialojamiento.es\/wordpress4\/?page_id=5"},"modified":"2021-11-18T20:01:35","modified_gmt":"2021-11-18T20:01:35","slug":"diseno-cocinas","status":"publish","type":"page","link":"https:\/\/artificio.es\/?page_id=5&lang=es","title":{"rendered":"NOSOTROS"},"content":{"rendered":"[vc_row type=\u00bbin_container\u00bb scene_position=\u00bbcenter\u00bb text_color=\u00bbdark\u00bb text_align=\u00bbleft\u00bb][vc_column column_padding=\u00bbno-extra-padding\u00bb column_padding_position=\u00bball\u00bb background_color_opacity=\u00bb1&#8243; background_hover_color_opacity=\u00bb1&#8243; width=\u00bb1\/1&#8243;]<style type=\"text\/css\">@media only screen and (min-width: 1300px) { #nectar-slider-instance-1, #nectar-slider-instance-1 .swiper-container { height: 900px; }  } @media only screen and (max-width: 1299px) { #nectar-slider-instance-1, #nectar-slider-instance-1 .swiper-container { height: 750px; }  } @media only screen and (max-width: 1000px) { #nectar-slider-instance-1, #nectar-slider-instance-1 .swiper-container { height: 642.85714285714px; }  } @media only screen and (max-width: 690px) { #nectar-slider-instance-1, #nectar-slider-instance-1 .swiper-container { height: 333.33333333333px; }  } <\/style><div  data-transition=\"slide\" data-overall_style=\"classic\" data-flexible-height=\"\" data-animate-in-effect=\"none\" data-fullscreen=\"false\" data-button-sizing=\"regular\" data-button-styling=\"btn_with_count\" data-autorotate=\"5500\" data-parallax=\"false\" data-parallax-disable-mobile=\"\" data-caption-trans=\"fade_in_from_bottom\" data-parallax-style=\"bg_only\" data-bg-animation=\"none\" data-full-width=\"true\" class=\"nectar-slider-wrap \" id=\"nectar-slider-instance-1\"><div class=\"swiper-container\"  data-tho=\"auto\" data-tco=\"auto\" data-pho=\"auto\" data-pco=\"auto\" data-loop=\"true\" data-height=\"900\" data-min-height=\"\" data-arrows=\"true\" data-bullets=\"true\" data-bullet_style=\"see_through\" data-bullet_position=\"bottom\" data-desktop-swipe=\"true\" data-settings=\"\"> <div class=\"swiper-wrapper\"><div class=\"swiper-slide\" data-desktop-content-width=\"\" data-tablet-content-width=\"\" data-bg-alignment=\"center\" data-color-scheme=\"light\" data-x-pos=\"left\" data-y-pos=\"middle\" ><div class=\"slide-bg-wrap\"><div class=\"image-bg\" style=\"background-image: url(https:\/\/artificio.es\/wp-content\/uploads\/2014\/09\/artificio-inicio-01.jpg);\"> &nbsp; <\/div><\/div><div class=\"video-texture \"> <span class=\"ie-fix\"><\/span> <\/div><\/div> <!--\/swiper-slide--><div class=\"swiper-slide\" data-desktop-content-width=\"\" data-tablet-content-width=\"\" data-bg-alignment=\"center\" data-color-scheme=\"light\" data-x-pos=\"left\" data-y-pos=\"middle\" ><div class=\"slide-bg-wrap\"><div class=\"image-bg\" style=\"background-image: url(https:\/\/artificio.es\/wp-content\/uploads\/2014\/09\/artificio-inicio-07.jpg);\"> &nbsp; <\/div><\/div><div class=\"video-texture \"> <span class=\"ie-fix\"><\/span> <\/div><\/div> <!--\/swiper-slide--><div class=\"swiper-slide\" data-desktop-content-width=\"\" data-tablet-content-width=\"\" data-bg-alignment=\"center\" data-color-scheme=\"light\" data-x-pos=\"left\" data-y-pos=\"middle\" ><div class=\"slide-bg-wrap\"><div class=\"image-bg\" style=\"background-image: url(https:\/\/artificio.es\/wp-content\/uploads\/2014\/09\/artificio-inicio-02.jpg);\"> &nbsp; <\/div><\/div><div class=\"video-texture \"> <span class=\"ie-fix\"><\/span> <\/div><\/div> <!--\/swiper-slide--><div class=\"swiper-slide\" data-desktop-content-width=\"\" data-tablet-content-width=\"\" data-bg-alignment=\"center\" data-color-scheme=\"light\" data-x-pos=\"left\" data-y-pos=\"middle\" ><div class=\"slide-bg-wrap\"><div class=\"image-bg\" style=\"background-image: url(https:\/\/artificio.es\/wp-content\/uploads\/2014\/09\/artificio-inicio-06.jpg);\"> &nbsp; <\/div><\/div><div class=\"video-texture \"> <span class=\"ie-fix\"><\/span> <\/div><\/div> <!--\/swiper-slide--><div class=\"swiper-slide\" data-desktop-content-width=\"\" data-tablet-content-width=\"\" data-bg-alignment=\"center\" data-color-scheme=\"light\" data-x-pos=\"left\" data-y-pos=\"middle\" ><div class=\"slide-bg-wrap\"><div class=\"image-bg\" style=\"background-image: url(https:\/\/artificio.es\/wp-content\/uploads\/2014\/09\/artificio-inicio-03.jpg);\"> &nbsp; <\/div><\/div><div class=\"video-texture \"> <span class=\"ie-fix\"><\/span> <\/div><\/div> <!--\/swiper-slide--><div class=\"swiper-slide\" data-desktop-content-width=\"\" data-tablet-content-width=\"\" data-bg-alignment=\"center\" data-color-scheme=\"light\" data-x-pos=\"left\" data-y-pos=\"middle\" ><div class=\"slide-bg-wrap\"><div class=\"image-bg\" style=\"background-image: url(https:\/\/artificio.es\/wp-content\/uploads\/2014\/09\/artificio-inicio-05.jpg);\"> &nbsp; <\/div><\/div><div class=\"video-texture \"> <span class=\"ie-fix\"><\/span> <\/div><\/div> <!--\/swiper-slide--><div class=\"swiper-slide\" data-desktop-content-width=\"\" data-tablet-content-width=\"\" data-bg-alignment=\"center\" data-color-scheme=\"light\" data-x-pos=\"left\" data-y-pos=\"middle\" ><div class=\"slide-bg-wrap\"><div class=\"image-bg\" style=\"background-image: url(https:\/\/artificio.es\/wp-content\/uploads\/2014\/09\/artificio-inicio-04.jpg);\"> &nbsp; <\/div><\/div><div class=\"video-texture \"> <span class=\"ie-fix\"><\/span> <\/div><\/div> <!--\/swiper-slide--><div class=\"swiper-slide\" data-desktop-content-width=\"\" data-tablet-content-width=\"\" data-bg-alignment=\"center\" data-color-scheme=\"light\" data-x-pos=\"left\" data-y-pos=\"middle\" ><div class=\"slide-bg-wrap\"><div class=\"image-bg\" style=\"background-image: url(https:\/\/artificio.es\/wp-content\/uploads\/2014\/09\/artificio-inicio-13.jpg);\"> &nbsp; <\/div><\/div><div class=\"video-texture \"> <span class=\"ie-fix\"><\/span> <\/div><\/div> <!--\/swiper-slide--><div class=\"swiper-slide\" data-desktop-content-width=\"\" data-tablet-content-width=\"\" data-bg-alignment=\"center\" data-color-scheme=\"light\" data-x-pos=\"left\" data-y-pos=\"middle\" ><div class=\"slide-bg-wrap\"><div class=\"image-bg\" style=\"background-image: url(https:\/\/artificio.es\/wp-content\/uploads\/2014\/09\/artificio-inicio-09.jpg);\"> &nbsp; <\/div><\/div><div class=\"video-texture \"> <span class=\"ie-fix\"><\/span> <\/div><\/div> <!--\/swiper-slide--><div class=\"swiper-slide\" data-desktop-content-width=\"\" data-tablet-content-width=\"\" data-bg-alignment=\"center\" data-color-scheme=\"light\" data-x-pos=\"left\" data-y-pos=\"middle\" ><div class=\"slide-bg-wrap\"><div class=\"image-bg\" style=\"background-image: url(https:\/\/artificio.es\/wp-content\/uploads\/2014\/09\/artificio-inicio-11.jpg);\"> &nbsp; <\/div><\/div><div class=\"video-texture \"> <span class=\"ie-fix\"><\/span> <\/div><\/div> <!--\/swiper-slide--><div class=\"swiper-slide\" data-desktop-content-width=\"\" data-tablet-content-width=\"\" data-bg-alignment=\"center\" data-color-scheme=\"light\" data-x-pos=\"left\" data-y-pos=\"middle\" ><div class=\"slide-bg-wrap\"><div class=\"image-bg\" style=\"background-image: url(https:\/\/artificio.es\/wp-content\/uploads\/2014\/09\/artificio-inicio-12.jpg);\"> &nbsp; <\/div><\/div><div class=\"video-texture \"> <span class=\"ie-fix\"><\/span> <\/div><\/div> <!--\/swiper-slide--><div class=\"swiper-slide\" data-desktop-content-width=\"\" data-tablet-content-width=\"\" data-bg-alignment=\"center\" data-color-scheme=\"light\" data-x-pos=\"left\" data-y-pos=\"middle\" ><div class=\"slide-bg-wrap\"><div class=\"image-bg\" style=\"background-image: url(https:\/\/artificio.es\/wp-content\/uploads\/2014\/09\/artificio-inicio-10.jpg);\"> &nbsp; <\/div><\/div><div class=\"video-texture \"> <span class=\"ie-fix\"><\/span> <\/div><\/div> <!--\/swiper-slide--><div class=\"swiper-slide\" data-desktop-content-width=\"\" data-tablet-content-width=\"\" data-bg-alignment=\"center\" data-color-scheme=\"light\" data-x-pos=\"left\" data-y-pos=\"middle\" ><div class=\"slide-bg-wrap\"><div class=\"image-bg\" style=\"background-image: url(https:\/\/artificio.es\/wp-content\/uploads\/2014\/09\/artificio-inicio-08.jpg);\"> &nbsp; <\/div><\/div><div class=\"video-texture \"> <span class=\"ie-fix\"><\/span> <\/div><\/div> <!--\/swiper-slide--><\/div><a href=\"#\" aria-label=\"Previous\" class=\"slider-prev\"><i class=\"icon-salient-left-arrow\"><\/i> <div class=\"slide-count\"> <span class=\"slide-current\">1<\/span> <i class=\"icon-salient-right-line\"><\/i> <span class=\"slide-total\"><\/span> <\/div> <\/a>\n\t\t\t\t\t\t<a href=\"#\" aria-label=\"Next\" class=\"slider-next\"><i class=\"icon-salient-right-arrow\"><\/i> <div class=\"slide-count\"> <span class=\"slide-current\">1<\/span> <i class=\"icon-salient-right-line\"><\/i> <span class=\"slide-total\"><\/span> <\/div> <\/a><div class=\"container normal-container slider-pagination-wrap\"><div class=\"slider-pagination\"><\/div><\/div><div class=\"nectar-slider-loading \"> <span class=\"loading-icon none\">   <\/span> <\/div> <\/div> \n\t\t\t\t\t\n\t\t\t\t\t<\/div>[\/vc_column][\/vc_row][full_width_section background_color=\u00bb#fbfbfb\u00bb text_color=\u00bbdark\u00bb top_padding=\u00bb40&#8243; bottom_padding=\u00bb80&#8243;][vc_column column_padding=\u00bbno-extra-padding\u00bb column_padding_position=\u00bball\u00bb background_color_opacity=\u00bb1&#8243; background_hover_color_opacity=\u00bb1&#8243; width=\u00bb1\/1&#8243;][vc_column_text]\n<p>ARTIFICIO es una empresa de dise\u00f1adores, fabricantes y distribuidores de cocinas y objetos de mobiliario para el hogar con la vocaci\u00f3n de cubrir un espacio escasamente explorado, como es el entendimiento de la cocina desde la modernidad en el plano est\u00e9tico y mat\u00e9rico, as\u00ed como desde su relaci\u00f3n de independencia del contenedor arquitect\u00f3nico. Se trata de la puesta en valor de la cocina como pieza tridimensional de la m\u00e1xima calidad est\u00e9tica y funcional.<\/p>\n[\/vc_column_text][\/vc_column][\/full_width_section]\n","protected":false},"excerpt":{"rendered":"<p>[vc_row type=\u00bbin_container\u00bb scene_position=\u00bbcenter\u00bb text_color=\u00bbdark\u00bb text_align=\u00bbleft\u00bb][vc_column column_padding=\u00bbno-extra-padding\u00bb column_padding_position=\u00bball\u00bb background_color_opacity=\u00bb1&#8243; background_hover_color_opacity=\u00bb1&#8243; width=\u00bb1\/1&#8243;][\/vc_column][\/vc_row][full_width_section background_color=\u00bb#fbfbfb\u00bb text_color=\u00bbdark\u00bb top_padding=\u00bb40&#8243; bottom_padding=\u00bb80&#8243;][vc_column column_padding=\u00bbno-extra-padding\u00bb column_padding_position=\u00bball\u00bb background_color_opacity=\u00bb1&#8243; background_hover_color_opacity=\u00bb1&#8243; width=\u00bb1\/1&#8243;][vc_column_text] ARTIFICIO es una empresa de dise\u00f1adores, fabricantes y distribuidores de cocinas&#8230;<\/p>\n","protected":false},"author":1,"featured_media":1530,"parent":0,"menu_order":7,"comment_status":"open","ping_status":"closed","template":"","meta":{"footnotes":""},"class_list":["post-5","page","type-page","status-publish","has-post-thumbnail"],"yoast_head":"<!-- This site is optimized with the Yoast SEO plugin v27.5 - https:\/\/yoast.com\/product\/yoast-seo-wordpress\/ -->\n<title>Artificio COCINAS<\/title>\n<meta name=\"description\" content=\"ARTIFICIO es una empresa de dise\u00f1adores, fabricantes y distribuidores de cocinas y mobiliario para el hogar con calidad est\u00e9tica y funcional\" \/>\n<meta name=\"robots\" content=\"index, follow, max-snippet:-1, max-image-preview:large, max-video-preview:-1\" \/>\n<link rel=\"canonical\" href=\"https:\/\/artificio.es\/?page_id=5&lang=es\" \/>\n<meta property=\"og:locale\" content=\"es_ES\" \/>\n<meta property=\"og:type\" content=\"article\" \/>\n<meta property=\"og:title\" content=\"Artificio, cocinas y mobiliario para el hogar\" \/>\n<meta property=\"og:description\" content=\"ARTIFICIO es una empresa de dise\u00f1adores, fabricantes y distribuidores de cocinas y mobiliario para el hogar con calidad est\u00e9tica y funcional\" \/>\n<meta property=\"og:url\" content=\"https:\/\/artificio.es\/?page_id=5&amp;lang=es\" \/>\n<meta property=\"og:site_name\" content=\"Artificio\" \/>\n<meta property=\"article:modified_time\" content=\"2021-11-18T20:01:35+00:00\" \/>\n<meta property=\"og:image\" content=\"https:\/\/artificio.es\/wp-content\/uploads\/2014\/09\/artificio-inicio-01.jpg\" \/>\n\t<meta property=\"og:image:width\" content=\"1879\" \/>\n\t<meta property=\"og:image:height\" content=\"1102\" \/>\n\t<meta property=\"og:image:type\" content=\"image\/jpeg\" \/>\n<meta name=\"twitter:card\" content=\"summary_large_image\" \/>\n<meta name=\"twitter:title\" content=\"Artificio, cocinas y mobiliario para el hogar\" \/>\n<meta name=\"twitter:image\" content=\"https:\/\/artificio.es\/wp-content\/uploads\/2014\/09\/artificio-inicio-01.jpg\" \/>\n<meta name=\"twitter:label1\" content=\"Tiempo de lectura\" \/>\n\t<meta name=\"twitter:data1\" content=\"1 minuto\" \/>\n<script type=\"application\/ld+json\" class=\"yoast-schema-graph\">{\"@context\":\"https:\\\/\\\/schema.org\",\"@graph\":[{\"@type\":\"WebPage\",\"@id\":\"https:\\\/\\\/artificio.es\\\/?page_id=5&lang=es\",\"url\":\"https:\\\/\\\/artificio.es\\\/?page_id=5&lang=es\",\"name\":\"Artificio COCINAS\",\"isPartOf\":{\"@id\":\"https:\\\/\\\/artificio.es\\\/#website\"},\"primaryImageOfPage\":{\"@id\":\"https:\\\/\\\/artificio.es\\\/?page_id=5&lang=es#primaryimage\"},\"image\":{\"@id\":\"https:\\\/\\\/artificio.es\\\/?page_id=5&lang=es#primaryimage\"},\"thumbnailUrl\":\"https:\\\/\\\/artificio.es\\\/wp-content\\\/uploads\\\/2014\\\/09\\\/artificio-inicio-01.jpg\",\"datePublished\":\"2014-08-24T17:14:57+00:00\",\"dateModified\":\"2021-11-18T20:01:35+00:00\",\"description\":\"ARTIFICIO es una empresa de dise\u00f1adores, fabricantes y distribuidores de cocinas y mobiliario para el hogar con calidad est\u00e9tica y funcional\",\"breadcrumb\":{\"@id\":\"https:\\\/\\\/artificio.es\\\/?page_id=5&lang=es#breadcrumb\"},\"inLanguage\":\"es\",\"potentialAction\":[{\"@type\":\"ReadAction\",\"target\":[\"https:\\\/\\\/artificio.es\\\/?page_id=5&lang=es\"]}]},{\"@type\":\"ImageObject\",\"inLanguage\":\"es\",\"@id\":\"https:\\\/\\\/artificio.es\\\/?page_id=5&lang=es#primaryimage\",\"url\":\"https:\\\/\\\/artificio.es\\\/wp-content\\\/uploads\\\/2014\\\/09\\\/artificio-inicio-01.jpg\",\"contentUrl\":\"https:\\\/\\\/artificio.es\\\/wp-content\\\/uploads\\\/2014\\\/09\\\/artificio-inicio-01.jpg\",\"width\":1879,\"height\":1102,\"caption\":\"Artificio cocinas\"},{\"@type\":\"BreadcrumbList\",\"@id\":\"https:\\\/\\\/artificio.es\\\/?page_id=5&lang=es#breadcrumb\",\"itemListElement\":[{\"@type\":\"ListItem\",\"position\":1,\"name\":\"Portada\",\"item\":\"https:\\\/\\\/artificio.es\\\/?page_id=5&lang=es\"},{\"@type\":\"ListItem\",\"position\":2,\"name\":\"NOSOTROS\"}]},{\"@type\":\"WebSite\",\"@id\":\"https:\\\/\\\/artificio.es\\\/#website\",\"url\":\"https:\\\/\\\/artificio.es\\\/\",\"name\":\"Artificio\",\"description\":\"Fabricante y distribuidor de mobiliario de cocina y para el hogar.\",\"publisher\":{\"@id\":\"https:\\\/\\\/artificio.es\\\/#organization\"},\"potentialAction\":[{\"@type\":\"SearchAction\",\"target\":{\"@type\":\"EntryPoint\",\"urlTemplate\":\"https:\\\/\\\/artificio.es\\\/?s={search_term_string}\"},\"query-input\":{\"@type\":\"PropertyValueSpecification\",\"valueRequired\":true,\"valueName\":\"search_term_string\"}}],\"inLanguage\":\"es\"},{\"@type\":\"Organization\",\"@id\":\"https:\\\/\\\/artificio.es\\\/#organization\",\"name\":\"Artificio\",\"url\":\"https:\\\/\\\/artificio.es\\\/\",\"logo\":{\"@type\":\"ImageObject\",\"inLanguage\":\"es\",\"@id\":\"https:\\\/\\\/artificio.es\\\/#\\\/schema\\\/logo\\\/image\\\/\",\"url\":\"https:\\\/\\\/artificio.es\\\/wp-content\\\/uploads\\\/2014\\\/08\\\/artificio_logo3.png\",\"contentUrl\":\"https:\\\/\\\/artificio.es\\\/wp-content\\\/uploads\\\/2014\\\/08\\\/artificio_logo3.png\",\"width\":1821,\"height\":352,\"caption\":\"Artificio\"},\"image\":{\"@id\":\"https:\\\/\\\/artificio.es\\\/#\\\/schema\\\/logo\\\/image\\\/\"}}]}<\/script>\n<!-- \/ Yoast SEO plugin. -->","yoast_head_json":{"title":"Artificio COCINAS","description":"ARTIFICIO es una empresa de dise\u00f1adores, fabricantes y distribuidores de cocinas y mobiliario para el hogar con calidad est\u00e9tica y funcional","robots":{"index":"index","follow":"follow","max-snippet":"max-snippet:-1","max-image-preview":"max-image-preview:large","max-video-preview":"max-video-preview:-1"},"canonical":"https:\/\/artificio.es\/?page_id=5&lang=es","og_locale":"es_ES","og_type":"article","og_title":"Artificio, cocinas y mobiliario para el hogar","og_description":"ARTIFICIO es una empresa de dise\u00f1adores, fabricantes y distribuidores de cocinas y mobiliario para el hogar con calidad est\u00e9tica y funcional","og_url":"https:\/\/artificio.es\/?page_id=5&lang=es","og_site_name":"Artificio","article_modified_time":"2021-11-18T20:01:35+00:00","og_image":[{"width":1879,"height":1102,"url":"https:\/\/artificio.es\/wp-content\/uploads\/2014\/09\/artificio-inicio-01.jpg","type":"image\/jpeg"}],"twitter_card":"summary_large_image","twitter_title":"Artificio, cocinas y mobiliario para el hogar","twitter_image":"https:\/\/artificio.es\/wp-content\/uploads\/2014\/09\/artificio-inicio-01.jpg","twitter_misc":{"Tiempo de lectura":"1 minuto"},"schema":{"@context":"https:\/\/schema.org","@graph":[{"@type":"WebPage","@id":"https:\/\/artificio.es\/?page_id=5&lang=es","url":"https:\/\/artificio.es\/?page_id=5&lang=es","name":"Artificio COCINAS","isPartOf":{"@id":"https:\/\/artificio.es\/#website"},"primaryImageOfPage":{"@id":"https:\/\/artificio.es\/?page_id=5&lang=es#primaryimage"},"image":{"@id":"https:\/\/artificio.es\/?page_id=5&lang=es#primaryimage"},"thumbnailUrl":"https:\/\/artificio.es\/wp-content\/uploads\/2014\/09\/artificio-inicio-01.jpg","datePublished":"2014-08-24T17:14:57+00:00","dateModified":"2021-11-18T20:01:35+00:00","description":"ARTIFICIO es una empresa de dise\u00f1adores, fabricantes y distribuidores de cocinas y mobiliario para el hogar con calidad est\u00e9tica y funcional","breadcrumb":{"@id":"https:\/\/artificio.es\/?page_id=5&lang=es#breadcrumb"},"inLanguage":"es","potentialAction":[{"@type":"ReadAction","target":["https:\/\/artificio.es\/?page_id=5&lang=es"]}]},{"@type":"ImageObject","inLanguage":"es","@id":"https:\/\/artificio.es\/?page_id=5&lang=es#primaryimage","url":"https:\/\/artificio.es\/wp-content\/uploads\/2014\/09\/artificio-inicio-01.jpg","contentUrl":"https:\/\/artificio.es\/wp-content\/uploads\/2014\/09\/artificio-inicio-01.jpg","width":1879,"height":1102,"caption":"Artificio cocinas"},{"@type":"BreadcrumbList","@id":"https:\/\/artificio.es\/?page_id=5&lang=es#breadcrumb","itemListElement":[{"@type":"ListItem","position":1,"name":"Portada","item":"https:\/\/artificio.es\/?page_id=5&lang=es"},{"@type":"ListItem","position":2,"name":"NOSOTROS"}]},{"@type":"WebSite","@id":"https:\/\/artificio.es\/#website","url":"https:\/\/artificio.es\/","name":"Artificio","description":"Fabricante y distribuidor de mobiliario de cocina y para el hogar.","publisher":{"@id":"https:\/\/artificio.es\/#organization"},"potentialAction":[{"@type":"SearchAction","target":{"@type":"EntryPoint","urlTemplate":"https:\/\/artificio.es\/?s={search_term_string}"},"query-input":{"@type":"PropertyValueSpecification","valueRequired":true,"valueName":"search_term_string"}}],"inLanguage":"es"},{"@type":"Organization","@id":"https:\/\/artificio.es\/#organization","name":"Artificio","url":"https:\/\/artificio.es\/","logo":{"@type":"ImageObject","inLanguage":"es","@id":"https:\/\/artificio.es\/#\/schema\/logo\/image\/","url":"https:\/\/artificio.es\/wp-content\/uploads\/2014\/08\/artificio_logo3.png","contentUrl":"https:\/\/artificio.es\/wp-content\/uploads\/2014\/08\/artificio_logo3.png","width":1821,"height":352,"caption":"Artificio"},"image":{"@id":"https:\/\/artificio.es\/#\/schema\/logo\/image\/"}}]}},"_links":{"self":[{"href":"https:\/\/artificio.es\/index.php?rest_route=\/wp\/v2\/pages\/5","targetHints":{"allow":["GET"]}}],"collection":[{"href":"https:\/\/artificio.es\/index.php?rest_route=\/wp\/v2\/pages"}],"about":[{"href":"https:\/\/artificio.es\/index.php?rest_route=\/wp\/v2\/types\/page"}],"author":[{"embeddable":true,"href":"https:\/\/artificio.es\/index.php?rest_route=\/wp\/v2\/users\/1"}],"replies":[{"embeddable":true,"href":"https:\/\/artificio.es\/index.php?rest_route=%2Fwp%2Fv2%2Fcomments&post=5"}],"version-history":[{"count":3,"href":"https:\/\/artificio.es\/index.php?rest_route=\/wp\/v2\/pages\/5\/revisions"}],"predecessor-version":[{"id":1699,"href":"https:\/\/artificio.es\/index.php?rest_route=\/wp\/v2\/pages\/5\/revisions\/1699"}],"wp:featuredmedia":[{"embeddable":true,"href":"https:\/\/artificio.es\/index.php?rest_route=\/wp\/v2\/media\/1530"}],"wp:attachment":[{"href":"https:\/\/artificio.es\/index.php?rest_route=%2Fwp%2Fv2%2Fmedia&parent=5"}],"curies":[{"name":"wp","href":"https:\/\/api.w.org\/{rel}","templated":true}]}}